{"id":669,"date":"2025-08-22T11:24:23","date_gmt":"2025-08-22T09:24:23","guid":{"rendered":"https:\/\/seminar.octoplant.cz\/?page_id=669"},"modified":"2025-08-22T11:34:36","modified_gmt":"2025-08-22T09:34:36","slug":"odhlasit-se","status":"publish","type":"page","link":"https:\/\/seminar.octoplant.cz\/?page_id=669","title":{"rendered":"Odhl\u00e1sit se"},"content":{"rendered":"\t\t<div data-elementor-type=\"wp-page\" data-elementor-id=\"669\" class=\"elementor elementor-669\">\n\t\t\t\t\t\t<section class=\"elementor-section elementor-top-section elementor-element elementor-element-c20a123 elementor-section-boxed elementor-section-height-default elementor-section-height-default\" data-id=\"c20a123\" data-element_type=\"section\" id=\"registrace\" data-settings=\"{&quot;background_background&quot;:&quot;classic&quot;}\">\n\t\t\t\t\t\t<div class=\"elementor-container elementor-column-gap-no\">\n\t\t\t\t\t<div class=\"elementor-column elementor-col-100 elementor-top-column elementor-element elementor-element-38c1d10\" data-id=\"38c1d10\" data-element_type=\"column\">\n\t\t\t<div class=\"elementor-widget-wrap elementor-element-populated\">\n\t\t\t\t\t\t<div class=\"elementor-element elementor-element-ceeb426 elementor-widget elementor-widget-spacer\" data-id=\"ceeb426\" data-element_type=\"widget\" data-widget_type=\"spacer.default\">\n\t\t\t\t\t\t\t<div class=\"elementor-spacer\">\n\t\t\t<div class=\"elementor-spacer-inner\"><\/div>\n\t\t<\/div>\n\t\t\t\t\t\t<\/div>\n\t\t\t\t<div class=\"elementor-element elementor-element-cefdc07 eael-dual-header-content-align-center elementor-invisible elementor-widget elementor-widget-eael-dual-color-header\" data-id=\"cefdc07\" data-element_type=\"widget\" data-settings=\"{&quot;_animation&quot;:&quot;fadeInUp&quot;}\" data-widget_type=\"eael-dual-color-header.default\">\n\t\t\t\t\t\t\t\t<div class=\"eael-dual-header\">\n\t\t\t\t<h3 class=\"title eael-dch-title\"><span class=\"eael-dch-title-text eael-dch-title-lead lead solid-color\">Zru\u0161it registraci<\/span> <span class=\"eael-dch-title-text\"><\/span><\/h3>\t\t\t\t\t<span class=\"eael-dch-svg-icon\"><\/span>\t\t\t\t\t\t\t<\/div>\n\n\t\t\t\t\t\t<\/div>\n\t\t\t\t<div class=\"elementor-element elementor-element-31e2a66 elementor-widget elementor-widget-text-editor\" data-id=\"31e2a66\" data-element_type=\"widget\" data-widget_type=\"text-editor.default\">\n\t\t\t\t\t\t\t\t\t<p style=\"text-align: center;\">\n<div class=\"wpcf7 no-js\" id=\"wpcf7-f668-o1\" lang=\"cs-CZ\" dir=\"ltr\" data-wpcf7-id=\"668\">\n<div class=\"screen-reader-response\"><p role=\"status\" aria-live=\"polite\" aria-atomic=\"true\"><\/p> <ul><\/ul><\/div>\n<form action=\"\/index.php?rest_route=%2Fwp%2Fv2%2Fpages%2F669#wpcf7-f668-o1\" method=\"post\" class=\"wpcf7-form init\" aria-label=\"Kontaktn\u00ed formul\u00e1\u0159\" novalidate=\"novalidate\" data-status=\"init\">\n<fieldset class=\"hidden-fields-container\"><input type=\"hidden\" name=\"_wpcf7\" value=\"668\" \/><input type=\"hidden\" name=\"_wpcf7_version\" value=\"6.1.1\" \/><input type=\"hidden\" name=\"_wpcf7_locale\" value=\"cs_CZ\" \/><input type=\"hidden\" name=\"_wpcf7_unit_tag\" value=\"wpcf7-f668-o1\" \/><input type=\"hidden\" name=\"_wpcf7_container_post\" value=\"0\" \/><input type=\"hidden\" name=\"_wpcf7_posted_data_hash\" value=\"\" \/><input type=\"hidden\" name=\"_wpcf7cf_hidden_group_fields\" value=\"[]\" \/><input type=\"hidden\" name=\"_wpcf7cf_hidden_groups\" value=\"[]\" \/><input type=\"hidden\" name=\"_wpcf7cf_visible_groups\" value=\"[]\" \/><input type=\"hidden\" name=\"_wpcf7cf_repeaters\" value=\"[]\" \/><input type=\"hidden\" name=\"_wpcf7cf_steps\" value=\"{}\" \/><input type=\"hidden\" name=\"_wpcf7cf_options\" value=\"{&quot;form_id&quot;:668,&quot;conditions&quot;:[],&quot;settings&quot;:{&quot;animation&quot;:&quot;yes&quot;,&quot;animation_intime&quot;:200,&quot;animation_outtime&quot;:200,&quot;conditions_ui&quot;:&quot;normal&quot;,&quot;notice_dismissed&quot;:false}}\" \/>\n<\/fieldset>\n<p><label style=\"color:black;\">Objednatel*<\/label><br \/>\n<span class=\"wpcf7-form-control-wrap\" data-name=\"company\"><input size=\"40\" maxlength=\"400\" class=\"wpcf7-form-control wpcf7-text wpcf7-validates-as-required\" aria-required=\"true\" aria-invalid=\"false\" placeholder=\"Firma\" value=\"\" type=\"text\" name=\"company\" \/><\/span>\n<\/p>\n<p><span class=\"wpcf7-form-control-wrap\" data-name=\"odesilatel\"><input size=\"40\" maxlength=\"400\" class=\"wpcf7-form-control wpcf7-text wpcf7-validates-as-required\" aria-required=\"true\" aria-invalid=\"false\" placeholder=\"Jm\u00e9no a p\u0159\u00edjmen\u00ed\" value=\"\" type=\"text\" name=\"odesilatel\" \/><\/span>\n<\/p>\n<p><span class=\"wpcf7-form-control-wrap\" data-name=\"your-email\"><input size=\"40\" maxlength=\"400\" class=\"wpcf7-form-control wpcf7-email wpcf7-validates-as-required wpcf7-text wpcf7-validates-as-email\" aria-required=\"true\" aria-invalid=\"false\" placeholder=\"E-mail\" value=\"\" type=\"email\" name=\"your-email\" \/><\/span>\n<\/p>\n<p><span class=\"wpcf7-form-control-wrap\" data-name=\"telefon-objednatel\"><input size=\"40\" maxlength=\"400\" class=\"wpcf7-form-control wpcf7-text wpcf7-validates-as-required\" aria-required=\"true\" aria-invalid=\"false\" placeholder=\"Telefon\" value=\"\" type=\"text\" name=\"telefon-objednatel\" \/><\/span><br \/>\n&nbsp;\n<\/p>\n<p><span class=\"wpcf7-form-control-wrap\" data-name=\"ucastnik1\"><input size=\"40\" maxlength=\"400\" class=\"wpcf7-form-control wpcf7-text wpcf7-validates-as-required\" aria-required=\"true\" aria-invalid=\"false\" placeholder=\"Jm\u00e9no \u00fa\u010dastn\u00edka\" value=\"\" type=\"text\" name=\"ucastnik1\" \/><\/span><span class=\"wpcf7-form-control-wrap\" data-name=\"ucastnik1_email\"><input size=\"40\" maxlength=\"400\" class=\"wpcf7-form-control wpcf7-email wpcf7-validates-as-required wpcf7-text wpcf7-validates-as-email\" aria-required=\"true\" aria-invalid=\"false\" placeholder=\"E-mail\" value=\"\" type=\"email\" name=\"ucastnik1_email\" \/><\/span><br \/>\n&nbsp;\n<\/p>\n<p><span class=\"wpcf7-form-control-wrap\" data-name=\"ucastnik2\"><input size=\"40\" maxlength=\"400\" class=\"wpcf7-form-control wpcf7-text\" aria-invalid=\"false\" placeholder=\"Jm\u00e9no \u00fa\u010dastn\u00edka\" value=\"\" type=\"text\" name=\"ucastnik2\" \/><\/span><span class=\"wpcf7-form-control-wrap\" data-name=\"ucastnik2_email\"><input size=\"40\" maxlength=\"400\" class=\"wpcf7-form-control wpcf7-email wpcf7-text wpcf7-validates-as-email\" aria-invalid=\"false\" placeholder=\"E-mail\" value=\"\" type=\"email\" name=\"ucastnik2_email\" \/><\/span><br \/>\n&nbsp;\n<\/p>\n<p><span class=\"wpcf7-form-control-wrap\" data-name=\"ucastnik3\"><input size=\"40\" maxlength=\"400\" class=\"wpcf7-form-control wpcf7-text\" aria-invalid=\"false\" placeholder=\"Jm\u00e9no \u00fa\u010dastn\u00edka\" value=\"\" type=\"text\" name=\"ucastnik3\" \/><\/span><span class=\"wpcf7-form-control-wrap\" data-name=\"ucastnik3_email\"><input size=\"40\" maxlength=\"400\" class=\"wpcf7-form-control wpcf7-email wpcf7-text wpcf7-validates-as-email\" aria-invalid=\"false\" placeholder=\"E-mail\" value=\"\" type=\"email\" name=\"ucastnik3_email\" \/><\/span><br \/>\n&nbsp;\n<\/p>\n<p><span class=\"wpcf7-form-control-wrap\" data-name=\"ucastnik4\"><input size=\"40\" maxlength=\"400\" class=\"wpcf7-form-control wpcf7-text\" aria-invalid=\"false\" placeholder=\"Jm\u00e9no \u00fa\u010dastn\u00edka\" value=\"\" type=\"text\" name=\"ucastnik4\" \/><\/span><span class=\"wpcf7-form-control-wrap\" data-name=\"ucastnik4_email\"><input size=\"40\" maxlength=\"400\" class=\"wpcf7-form-control wpcf7-email wpcf7-text wpcf7-validates-as-email\" aria-invalid=\"false\" placeholder=\"E-mail\" value=\"\" type=\"email\" name=\"ucastnik4_email\" \/><\/span><br \/>\n&nbsp;\n<\/p>\n<p><label style=\"background-color:white;\"><span class=\"wpcf7-form-control-wrap\" data-name=\"duvod\"><textarea cols=\"40\" rows=\"10\" maxlength=\"2000\" class=\"wpcf7-form-control wpcf7-textarea\" aria-invalid=\"false\" placeholder=\"Dodate\u010dn\u00e9 informace ke zru\u0161en\u00ed registrace\" name=\"duvod\"><\/textarea><\/span><\/label>\n<\/p>\n<p><\/>\n<\/p>\n<p><input class=\"wpcf7-form-control wpcf7-submit has-spinner\" type=\"submit\" value=\"Zru\u0161it registraci\" \/>\n<\/p><p style=\"display: none !important;\" class=\"akismet-fields-container\" data-prefix=\"_wpcf7_ak_\"><label>&#916;<textarea name=\"_wpcf7_ak_hp_textarea\" cols=\"45\" rows=\"8\" maxlength=\"100\"><\/textarea><\/label><input type=\"hidden\" id=\"ak_js_1\" name=\"_wpcf7_ak_js\" value=\"159\"\/><script>document.getElementById( \"ak_js_1\" ).setAttribute( \"value\", ( new Date() ).getTime() );<\/script><\/p><div class=\"wpcf7-response-output\" aria-hidden=\"true\"><\/div>\n<\/form>\n<\/div>\n<\/p>\t\t\t\t\t\t\t\t<\/div>\n\t\t\t\t\t<\/div>\n\t\t<\/div>\n\t\t\t\t\t<\/div>\n\t\t<\/section>\n\t\t\t\t<section class=\"elementor-section elementor-top-section elementor-element elementor-element-bfc4689 elementor-section-full_width elementor-section-height-default elementor-section-height-default\" data-id=\"bfc4689\" data-element_type=\"section\" id=\"kontakt\">\n\t\t\t\t\t\t<div class=\"elementor-container elementor-column-gap-no\">\n\t\t\t\t\t<div class=\"elementor-column elementor-col-50 elementor-top-column elementor-element elementor-element-0f835a3\" data-id=\"0f835a3\" data-element_type=\"column\">\n\t\t\t<div class=\"elementor-widget-wrap elementor-element-populated\">\n\t\t\t\t\t\t<div class=\"elementor-element elementor-element-f125ee8 elementor-widget elementor-widget-text-editor\" data-id=\"f125ee8\" data-element_type=\"widget\" data-widget_type=\"text-editor.default\">\n\t\t\t\t\t\t\t\t\t<iframe style=\"border: none;\" src=\"https:\/\/frame.mapy.cz\/s\/kuhapafufo\" width=\"auto\" height=\"500\" frameborder=\"0\"><\/iframe>\t\t\t\t\t\t\t\t<\/div>\n\t\t\t\t\t<\/div>\n\t\t<\/div>\n\t\t\t\t<div class=\"elementor-column elementor-col-50 elementor-top-column elementor-element elementor-element-24cbddb\" data-id=\"24cbddb\" data-element_type=\"column\" data-settings=\"{&quot;background_background&quot;:&quot;classic&quot;}\">\n\t\t\t<div class=\"elementor-widget-wrap elementor-element-populated\">\n\t\t\t\t\t\t<div class=\"elementor-element elementor-element-ddc8c21 elementor-widget elementor-widget-spacer\" data-id=\"ddc8c21\" data-element_type=\"widget\" data-widget_type=\"spacer.default\">\n\t\t\t\t\t\t\t<div class=\"elementor-spacer\">\n\t\t\t<div class=\"elementor-spacer-inner\"><\/div>\n\t\t<\/div>\n\t\t\t\t\t\t<\/div>\n\t\t\t\t<div class=\"elementor-element elementor-element-c05c327 elementor-widget elementor-widget-text-editor\" data-id=\"c05c327\" data-element_type=\"widget\" data-widget_type=\"text-editor.default\">\n\t\t\t\t\t\t\t\t\t<div class=\"CCgQ5 vCa9Yd QfkTvb k6WZR OSrXXb N8QANc Va3FIb EE3Upf\" role=\"heading\" aria-level=\"3\"><strong>EA Congress Hotel Aldis<\/strong><\/div>\nAkademika Bedrny 371\/12<br>\n500 03 Hradec Kr\u00e1lov\u00e9 3 &#8211; V\u011bko\u0161e\n\n<a href=\"https:\/\/www.hotelaldis.cz\/\" target=\"_blank\" rel=\"noopener\">www.hotelaldis.cz\/<\/a>\t\t\t\t\t\t\t\t<\/div>\n\t\t\t\t<div class=\"elementor-element elementor-element-2923c40 elementor-widget elementor-widget-image\" data-id=\"2923c40\" data-element_type=\"widget\" data-widget_type=\"image.default\">\n\t\t\t\t\t\t\t\t\t\t\t\t\t\t\t<img fetchpriority=\"high\" decoding=\"async\" width=\"640\" height=\"143\" src=\"https:\/\/seminar.octoplant.cz\/wp-content\/uploads\/2025\/08\/Pantek_logo_2019-1024x229.png\" class=\"attachment-large size-large wp-image-527\" alt=\"\" srcset=\"https:\/\/seminar.octoplant.cz\/wp-content\/uploads\/2025\/08\/Pantek_logo_2019-1024x229.png 1024w, https:\/\/seminar.octoplant.cz\/wp-content\/uploads\/2025\/08\/Pantek_logo_2019-300x67.png 300w, https:\/\/seminar.octoplant.cz\/wp-content\/uploads\/2025\/08\/Pantek_logo_2019-768x172.png 768w, https:\/\/seminar.octoplant.cz\/wp-content\/uploads\/2025\/08\/Pantek_logo_2019-1536x343.png 1536w, https:\/\/seminar.octoplant.cz\/wp-content\/uploads\/2025\/08\/Pantek_logo_2019.png 1791w\" sizes=\"(max-width: 640px) 100vw, 640px\" \/>\t\t\t\t\t\t\t\t\t\t\t\t\t\t\t<\/div>\n\t\t\t\t<div class=\"elementor-element elementor-element-d9e4775 elementor-widget elementor-widget-text-editor\" data-id=\"d9e4775\" data-element_type=\"widget\" data-widget_type=\"text-editor.default\">\n\t\t\t\t\t\t\t\t\t<p><strong>Pantek (CS) s.r.o.<\/strong><br \/>Pra\u017esk\u00e1 t\u0159\u00edda 686\/13<br \/>500 04, Hradec Kr\u00e1lov\u00e9<br \/>\u010cesk\u00e1 republika<br \/><span style=\"color: #ffffff;\"><a style=\"color: #ffffff;\" href=\"https:\/\/www.pantek.cz\/\" target=\"_blank\" rel=\"noopener\">www.pantek.cz<\/a><\/span><\/p>\t\t\t\t\t\t\t\t<\/div>\n\t\t\t\t\t<\/div>\n\t\t<\/div>\n\t\t\t\t\t<\/div>\n\t\t<\/section>\n\t\t\t\t<\/div>\n\t\t","protected":false},"excerpt":{"rendered":"<p>Zru\u0161it registraci EA Congress Hotel Aldis Akademika Bedrny 371\/12 500 03 Hradec Kr\u00e1lov\u00e9 3 &#8211; V\u011bko\u0161e www.hotelaldis.cz\/ Pantek (CS) s.r.o.Pra\u017esk\u00e1 t\u0159\u00edda 686\/13500 04, Hradec Kr\u00e1lov\u00e9\u010cesk\u00e1 republikawww.pantek.cz<\/p>\n","protected":false},"author":1,"featured_media":0,"parent":0,"menu_order":0,"comment_status":"closed","ping_status":"closed","template":"elementor_header_footer","meta":{"footnotes":""},"class_list":["post-669","page","type-page","status-publish","hentry"],"_links":{"self":[{"href":"https:\/\/seminar.octoplant.cz\/index.php?rest_route=\/wp\/v2\/pages\/669","targetHints":{"allow":["GET"]}}],"collection":[{"href":"https:\/\/seminar.octoplant.cz\/index.php?rest_route=\/wp\/v2\/pages"}],"about":[{"href":"https:\/\/seminar.octoplant.cz\/index.php?rest_route=\/wp\/v2\/types\/page"}],"author":[{"embeddable":true,"href":"https:\/\/seminar.octoplant.cz\/index.php?rest_route=\/wp\/v2\/users\/1"}],"replies":[{"embeddable":true,"href":"https:\/\/seminar.octoplant.cz\/index.php?rest_route=%2Fwp%2Fv2%2Fcomments&post=669"}],"version-history":[{"count":8,"href":"https:\/\/seminar.octoplant.cz\/index.php?rest_route=\/wp\/v2\/pages\/669\/revisions"}],"predecessor-version":[{"id":677,"href":"https:\/\/seminar.octoplant.cz\/index.php?rest_route=\/wp\/v2\/pages\/669\/revisions\/677"}],"wp:attachment":[{"href":"https:\/\/seminar.octoplant.cz\/index.php?rest_route=%2Fwp%2Fv2%2Fmedia&parent=669"}],"curies":[{"name":"wp","href":"https:\/\/api.w.org\/{rel}","templated":true}]}}